he highest common divisor of 55265 and 15.
5
Calculate the greatest common divisor of 170188 and 628.
628
Calculate the greatest common divisor of 176 and 130864.
16
Calculate the greatest common divisor of 10 and 275798.
2
Calculate the highest common factor of 204832 and 1591.
37
What is the greatest common factor of 915 and 480?
15
Calculate the greatest common divisor of 91664 and 8425.
337
Calculate the highest common divisor of 10956536 and 472.
472
Calculate the greatest common divisor of 582 and 148119.
291
What is the highest common divisor of 4370 and 7130?
230
Calculate the greatest common factor of 308 and 136906.
154
What is the greatest common factor of 18230 and 30?
10
Calculate the greatest common factor of 16 and 23298.
2
What is the greatest common factor of 16 and 825024?
16
Calculate the highest common factor of 133802 and 596.
298
What is the highest common divisor of 117970 and 282?
94
Calculate the highest common factor of 1183168 and 16.
16
Calculate the greatest common divisor of 135 and 136845.
45
What is the highest common factor of 24961 and 5038?
229
Calculate the highest common divisor of 87962 and 8858.
206
Calculate the greatest common divisor of 40 and 9745.
5
Calculate the greatest common factor of 85084 and 8.
4
Calculate the highest common factor of 4038 and 12.
6
What is the highest common factor of 12386 and 176?
22
Calculate the highest common factor of 540481 and 102.
17
What is the highest common factor of 9 and 3110643?
9
Calculate the greatest common divisor of 2466468 and 3.
3
Calculate the greatest common factor of 478544 and 352.
176
What is the highest common divisor of 73419 and 114?
3
Calculate the greatest common factor of 66310 and 285.
95
Calculate the greatest common divisor of 8 and 1559128.
8
Calculate the highest common factor of 9805 and 1184.
37
What is the highest common divisor of 194250 and 14?
14
What is the highest common factor of 725760 and 480?
480
What is the greatest common factor of 2103547 and 361?
361
What is the greatest common factor of 20 and 18765?
5
What is the highest common factor of 628080 and 192?
48
What is the highest common divisor of 4784 and 9269?
299
Calculate the highest common divisor of 6727 and 3472.
217
What is the highest common divisor of 3038 and 6386?
62
Calculate the highest common factor of 15962 and 444854.
694
What is the highest common factor of 54639 and 35025?
1401
Calculate the greatest common divisor of 36 and 213066.
18
What is the greatest common divisor of 34 and 4807498?
34
Calculate the highest common factor of 8950 and 3814490.
1790
What is the highest common factor of 112 and 4396?
28
What is the greatest common factor of 57 and 3347?
1
Calculate the greatest common divisor of 264 and 1671868.
44
Calculate the greatest common factor of 210273 and 4389.
399
What is the greatest common divisor of 15 and 61440?
15
What is the highest common divisor of 9911 and 53?
53
Calculate the greatest common divisor of 293197 and 1347.
449
What is the highest common factor of 11 and 15335?
1
Calculate the highest common divisor of 28 and 9002.
14
What is the greatest common factor of 38746 and 2?
2
What is the greatest common factor of 66502 and 123?
41
What is the greatest common factor of 9809 and 2788?
17
What is the highest common divisor of 120 and 11280?
120
What is the highest common divisor of 4916 and 12?
4
What is the greatest common factor of 24680 and 50?
10
Calculate the highest common divisor of 352 and 1276.
44
Calculate the highest common divisor of 280 and 24760.
40
Calculate the highest common divisor of 620 and 17670.
310
Calculate the highest common factor of 10880 and 2992.
272
What is the highest common divisor of 1820 and 2921880?
260
Calculate the greatest common divisor of 261 and 2322581.
29
What is the highest common divisor of 2856 and 483888?
408
What is the highest common divisor of 495 and 55506?
33
Calculate the highest common factor of 13501 and 92.
23
Calculate the highest common factor of 477 and 68370.
159
What is the highest common factor of 341484 and 390?
78
What is the highest common factor of 15 and 13935?
15
What is the greatest common factor of 1035 and 7515?
45
What is the greatest common divisor of 1198 and 46?
2
What is the highest common factor of 174 and 288318?
174
What is the greatest common factor of 1795 and 29797?
359
What is the greatest common divisor of 7844 and 68?
4
What is the greatest common divisor of 79 and 140383?
79
What is the highest common divisor of 107 and 339?
1
Calculate the highest common factor of 15914 and 2180.
218
Calculate the greatest common factor of 1659 and 54273.
237
What is the greatest common divisor of 498 and 15822?
6
What is the greatest common factor of 7337 and 62205?
319
Calculate the highest common factor of 3572 and 408101.
893
What is the greatest common divisor of 27051 and 6177?
213
Calculate the greatest common divisor of 393487 and 3.
1
What is the greatest common divisor of 47 and 18095?
47
Calculate the greatest common divisor of 246 and 30176.
82
Calculate the highest common divisor of 44591 and 157624.
1037
Calculate the highest common factor of 424 and 18688.
8
Calculate the highest common factor of 658620 and 630.
90
Calculate the highest common factor of 1081 and 13724.
47
Calculate the greatest common divisor of 1307709 and 13.
13
What is the greatest common divisor of 69 and 34201?
23
Calculate the greatest common factor of 80208 and 11520.
144
What is the highest common divisor of 51185 and 725?
145
What is the highest common divisor of 24745 and 490?
245
Calculate the greatest common divisor of 5 and 6823.
1
What is the greatest common divisor of 1686305 and 5?
5
What is the highest common factor of 2 and 95889?
1
Calculate the highest common factor of 144 and 1179228.
12
What is the highest common factor of 14 and 96838?
14
Calculate the greatest common divisor of 1035320 and 260.
260
What is the greatest common divisor of 25080 and 16368?
264
What is the greatest common divisor of 1517 and 615?
41
Calculate the highest common divisor of 382 and 628.
2
Calculate the greatest common divisor of 979 and 5632.
11
What is the greatest common factor of 57 and 3134981?
19
What is the highest common divisor of 21530 and 20?
10
What is the greatest common divisor of 5690 and 860?
10
What is the highest common divisor of 1053 and 11934?
351
Calculate the highest common divisor of 207104 and 256.
256
What is the greatest common divisor of 54 and 42?
6
What is the highest common divisor of 621159 and 462?
231
What is the highest common factor of 160 and 735200?
160
What is the greatest common factor of 15 and 39405?
15
What is the greatest common factor of 48 and 22464?
48
What is the greatest common factor of 92 and 9522?
46
What is the highest common factor of 14 and 85687?
7
Calculate the highest common factor of 774 and 139879.
43
Calculate the greatest common factor of 330 and 1260120.
30
Calculate the highest common factor of 248598 and 4830.
42
What is the highest common divisor of 8103 and 15429?
111
Calculate the highest common divisor of 14028 and 12525.
501
Calculate the greatest common divisor of 3497 and 104.
13
Calculate the highest common factor of 112280 and 28.
28
What is the greatest common divisor of 516 and 204379?
43
Calculate the highest common factor of 103256 and 32.
8
What is the highest common factor of 673956 and 72?
36
Calculate the greatest common divisor of 170 and 6238235.
85
What is the highest common divisor of 51120 and 840?
120
Calculate the greatest common divisor of 165920 and 61.
61
Calculate the greatest common divisor of 1188 and 28215.
297
Calculate the greatest common divisor of 3762 and 140904.
342
What is the greatest common divisor of 182 and 10276?
14
Calculate the greatest common divisor of 53 and 135627.
53
What is the greatest common factor of 84 and 25512?
12
Calculate the highest common factor of 117 and 46059.
39
What is the highest common factor of 96 and 998808?
24
Calculate the highest common factor of 99 and 29909.
11
Calculate the highest common factor of 10 and 4397.
1
Calculate the highest common divisor of 5848 and 1376.
344
What is the greatest common factor of 116808 and 3000?
24
Calculat